{"id":1950,"date":"2023-10-12T14:48:45","date_gmt":"2023-10-12T12:48:45","guid":{"rendered":"https:\/\/cms.pfst.hr\/?page_id=1950"},"modified":"2023-11-03T13:58:41","modified_gmt":"2023-11-03T11:58:41","slug":"uprava","status":"publish","type":"page","link":"https:\/\/cms.pfst.hr\/index.php\/fakultet\/opcenito\/ustroj\/uprava\/","title":{"rendered":"Uprava"},"content":{"rendered":"\n<div class=\"wp-block-columns is-layout-flex wp-container-core-columns-layout-1 wp-block-columns-is-layout-flex\">\n<div class=\"wp-block-column is-layout-flow wp-block-column-is-layout-flow\" style=\"flex-basis:33.33%\">\n<figure class=\"wp-block-image size-full portrait\"><img decoding=\"async\" src=\"https:\/\/cms.pfst.hr\/wp-content\/uploads\/2023\/10\/dekan-1.webp\" alt=\"\" class=\"wp-image-1958\" style=\"aspect-ratio:3\/4;object-fit:cover\"\/><\/figure>\n\n\n\n<h5 class=\"wp-block-heading\">prof. dr. sc. Pero Vidan<\/h5>\n\n\n\n<p>Dekan<\/p>\n\n\n\n<p><a href=\"mailto:pero.vidan@pfst.hr\">pero.vidan@pfst.hr<\/a><\/p>\n<\/div>\n\n\n\n<div class=\"wp-block-column is-layout-flow wp-block-column-is-layout-flow\" style=\"flex-basis:33.33%\">\n<figure class=\"wp-block-image size-full\"><img loading=\"lazy\" decoding=\"async\" width=\"467\" height=\"700\" src=\"https:\/\/cms.pfst.hr\/wp-content\/uploads\/2023\/10\/pd-posl-1.webp\" alt=\"\" class=\"wp-image-1960\" style=\"aspect-ratio:3\/4;object-fit:cover\" srcset=\"https:\/\/cms.pfst.hr\/wp-content\/uploads\/2023\/10\/pd-posl-1.webp 467w, https:\/\/cms.pfst.hr\/wp-content\/uploads\/2023\/10\/pd-posl-1-200x300.webp 200w\" sizes=\"(max-width: 467px) 100vw, 467px\" \/><\/figure>\n\n\n\n<h5 class=\"wp-block-heading\">doc. dr. sc. Zaloa Sanchez Varela<\/h5>\n\n\n\n<p>Prodekanica za poslovodstvo<\/p>\n\n\n\n<p><a href=\"mailto:zsanchezv@pfst.hr\">zsanchezv@pfst.hr<\/a><\/p>\n<\/div>\n\n\n\n<div class=\"wp-block-column is-layout-flow wp-block-column-is-layout-flow\" style=\"flex-basis:33.33%\">\n<figure class=\"wp-block-image size-full\"><img loading=\"lazy\" decoding=\"async\" width=\"467\" height=\"700\" src=\"https:\/\/cms.pfst.hr\/wp-content\/uploads\/2023\/10\/pd-nast-1.webp\" alt=\"\" class=\"wp-image-1959\" style=\"aspect-ratio:3\/4;object-fit:cover\" srcset=\"https:\/\/cms.pfst.hr\/wp-content\/uploads\/2023\/10\/pd-nast-1.webp 467w, https:\/\/cms.pfst.hr\/wp-content\/uploads\/2023\/10\/pd-nast-1-200x300.webp 200w\" sizes=\"(max-width: 467px) 100vw, 467px\" \/><\/figure>\n\n\n\n<h5 class=\"wp-block-heading\">izv. prof. dr. sc. Nikola Mandi\u0107<\/h5>\n\n\n\n<p>Prodekan za nastavu<\/p>\n\n\n\n<p><a href=\"mailto:nikola.mandic@pfst.hr\">nikola.mandic@pfst.hr<\/a><\/p>\n<\/div>\n<\/div>\n\n\n\n<div class=\"wp-block-columns is-layout-flex wp-container-core-columns-layout-2 wp-block-columns-is-layout-flex\">\n<div class=\"wp-block-column is-layout-flow wp-block-column-is-layout-flow\" style=\"flex-basis:33.33%\">\n<figure class=\"wp-block-image size-full\"><img loading=\"lazy\" decoding=\"async\" width=\"467\" height=\"700\" src=\"https:\/\/cms.pfst.hr\/wp-content\/uploads\/2023\/10\/pd-znan-1.webp\" alt=\"\" class=\"wp-image-1962\" style=\"aspect-ratio:3\/4;object-fit:cover\" srcset=\"https:\/\/cms.pfst.hr\/wp-content\/uploads\/2023\/10\/pd-znan-1.webp 467w, https:\/\/cms.pfst.hr\/wp-content\/uploads\/2023\/10\/pd-znan-1-200x300.webp 200w\" sizes=\"(max-width: 467px) 100vw, 467px\" \/><\/figure>\n\n\n\n<h5 class=\"wp-block-heading\">prof. dr. sc. Merica Sli\u0161kovi\u0107<\/h5>\n\n\n\n<p>Prodekanica za znanstveni i stru\u010dni rad<\/p>\n\n\n\n<p><a href=\"mailto:merica.sliskovic@pfst.hr\">merica.sliskovic@pfst.hr<\/a><\/p>\n<\/div>\n\n\n\n<div class=\"wp-block-column is-layout-flow wp-block-column-is-layout-flow\" style=\"flex-basis:33.33%\">\n<figure class=\"wp-block-image size-full\"><img loading=\"lazy\" decoding=\"async\" width=\"467\" height=\"700\" src=\"https:\/\/cms.pfst.hr\/wp-content\/uploads\/2023\/10\/pd-sur-1.webp\" alt=\"\" class=\"wp-image-1961\" style=\"aspect-ratio:3\/4;object-fit:cover\" srcset=\"https:\/\/cms.pfst.hr\/wp-content\/uploads\/2023\/10\/pd-sur-1.webp 467w, https:\/\/cms.pfst.hr\/wp-content\/uploads\/2023\/10\/pd-sur-1-200x300.webp 200w\" sizes=\"(max-width: 467px) 100vw, 467px\" \/><\/figure>\n\n\n\n<h5 class=\"wp-block-heading\">doc. dr. sc. Marko Katalini\u0107<\/h5>\n\n\n\n<p>Prodekan za razvoj i me\u0111unarodnu suradnju<\/p>\n\n\n\n<p><a href=\"mailto:marko.katalinic@pfst.hr\">marko.katalinic@pfst.hr<\/a><\/p>\n<\/div>\n\n\n\n<div class=\"wp-block-column is-layout-flow wp-block-column-is-layout-flow\" style=\"flex-basis:33.33%\">\n<figure class=\"wp-block-image size-full\"><img loading=\"lazy\" decoding=\"async\" width=\"570\" height=\"696\" src=\"https:\/\/cms.pfst.hr\/wp-content\/uploads\/2023\/10\/tajnik-1.webp\" alt=\"\" class=\"wp-image-1963\" style=\"aspect-ratio:3\/4;object-fit:cover\" srcset=\"https:\/\/cms.pfst.hr\/wp-content\/uploads\/2023\/10\/tajnik-1.webp 570w, https:\/\/cms.pfst.hr\/wp-content\/uploads\/2023\/10\/tajnik-1-246x300.webp 246w\" sizes=\"(max-width: 570px) 100vw, 570px\" \/><\/figure>\n\n\n\n<h5 class=\"wp-block-heading\">Smiljana Podrug, dipl. iur.<\/h5>\n\n\n\n<p>Tajnica Fakulteta<\/p>\n\n\n\n<p><a href=\"mailto:smiljana.podrug@pfst.hr\">smiljana.podrug@pfst.hr<\/a><\/p>\n<\/div>\n<\/div>\n","protected":false},"excerpt":{"rendered":"<p>prof. dr. sc. Pero Vidan Dekan pero.vidan@pfst.hr doc. dr. sc. Zaloa Sanchez Varela Prodekanica za poslovodstvo zsanchezv@pfst.hr izv. prof. dr. sc. Nikola Mandi\u0107 Prodekan za nastavu nikola.mandic@pfst.hr prof. dr. sc. Merica Sli\u0161kovi\u0107 Prodekanica za znanstveni i stru\u010dni rad merica.sliskovic@pfst.hr doc. dr. sc. Marko Katalini\u0107 Prodekan za razvoj i me\u0111unarodnu suradnju marko.katalinic@pfst.hr Smiljana Podrug, dipl. iur. [&hellip;]<\/p>\n","protected":false},"author":2,"featured_media":0,"parent":1946,"menu_order":0,"comment_status":"closed","ping_status":"closed","template":"","meta":{"_acf_changed":false,"site-sidebar-layout":"default","site-content-layout":"","ast-site-content-layout":"default","site-content-style":"default","site-sidebar-style":"default","ast-global-header-display":"","ast-banner-title-visibility":"","ast-main-header-display":"","ast-hfb-above-header-display":"","ast-hfb-below-header-display":"","ast-hfb-mobile-header-display":"","site-post-title":"","ast-breadcrumbs-content":"","ast-featured-img":"","footer-sml-layout":"","theme-transparent-header-meta":"","adv-header-id-meta":"","stick-header-meta":"","header-above-stick-meta":"","header-main-stick-meta":"","header-below-stick-meta":"","astra-migrate-meta-layouts":"default","ast-page-background-enabled":"default","ast-page-background-meta":{"desktop":{"background-color":"var(--ast-global-color-4)","background-image":"","background-repeat":"repeat","background-position":"center center","background-size":"auto","background-attachment":"scroll","background-type":"","background-media":"","overlay-type":"","overlay-color":"","overlay-opacity":"","overlay-gradient":""},"tablet":{"background-color":"","background-image":"","background-repeat":"repeat","background-position":"center center","background-size":"auto","background-attachment":"scroll","background-type":"","background-media":"","overlay-type":"","overlay-color":"","overlay-opacity":"","overlay-gradient":""},"mobile":{"background-color":"","background-image":"","background-repeat":"repeat","background-position":"center center","background-size":"auto","background-attachment":"scroll","background-type":"","background-media":"","overlay-type":"","overlay-color":"","overlay-opacity":"","overlay-gradient":""}},"ast-content-background-meta":{"desktop":{"background-color":"var(--ast-global-color-5)","background-image":"","background-repeat":"repeat","background-position":"center center","background-size":"auto","background-attachment":"scroll","background-type":"","background-media":"","overlay-type":"","overlay-color":"","overlay-opacity":"","overlay-gradient":""},"tablet":{"background-color":"var(--ast-global-color-5)","background-image":"","background-repeat":"repeat","background-position":"center center","background-size":"auto","background-attachment":"scroll","background-type":"","background-media":"","overlay-type":"","overlay-color":"","overlay-opacity":"","overlay-gradient":""},"mobile":{"background-color":"var(--ast-global-color-5)","background-image":"","background-repeat":"repeat","background-position":"center center","background-size":"auto","background-attachment":"scroll","background-type":"","background-media":"","overlay-type":"","overlay-color":"","overlay-opacity":"","overlay-gradient":""}},"footnotes":""},"acf":[],"publishpress_future_action":{"enabled":false,"date":"2026-05-17 14:24:15","action":"change-status","newStatus":"draft","terms":[],"taxonomy":""},"publishpress_future_workflow_manual_trigger":{"enabledWorkflows":[]},"_links":{"self":[{"href":"https:\/\/cms.pfst.hr\/index.php\/wp-json\/wp\/v2\/pages\/1950"}],"collection":[{"href":"https:\/\/cms.pfst.hr\/index.php\/wp-json\/wp\/v2\/pages"}],"about":[{"href":"https:\/\/cms.pfst.hr\/index.php\/wp-json\/wp\/v2\/types\/page"}],"author":[{"embeddable":true,"href":"https:\/\/cms.pfst.hr\/index.php\/wp-json\/wp\/v2\/users\/2"}],"replies":[{"embeddable":true,"href":"https:\/\/cms.pfst.hr\/index.php\/wp-json\/wp\/v2\/comments?post=1950"}],"version-history":[{"count":17,"href":"https:\/\/cms.pfst.hr\/index.php\/wp-json\/wp\/v2\/pages\/1950\/revisions"}],"predecessor-version":[{"id":2135,"href":"https:\/\/cms.pfst.hr\/index.php\/wp-json\/wp\/v2\/pages\/1950\/revisions\/2135"}],"up":[{"embeddable":true,"href":"https:\/\/cms.pfst.hr\/index.php\/wp-json\/wp\/v2\/pages\/1946"}],"wp:attachment":[{"href":"https:\/\/cms.pfst.hr\/index.php\/wp-json\/wp\/v2\/media?parent=1950"}],"curies":[{"name":"wp","href":"https:\/\/api.w.org\/{rel}","templated":true}]}}